{"id":9,"date":"2019-07-26T22:14:04","date_gmt":"2019-07-26T22:14:04","guid":{"rendered":"http:\/\/augolf.pt\/?page_id=9"},"modified":"2022-12-11T16:44:49","modified_gmt":"2022-12-11T16:44:49","slug":"inicio","status":"publish","type":"page","link":"https:\/\/augolf.pt\/","title":{"rendered":"In\u00edcio"},"content":{"rendered":"<div class=\"col-md-5\">\n<h3>Sobre o Hestia<\/h3>\n<p>Precisa de mais pormenores? Por favor, verifique toda a documenta\u00e7\u00e3o para uma informa\u00e7\u00e3o detalhada de como usar o Hestia.<\/p>\n<\/div>\n<div class=\"col-md-6 col-md-offset-1\"><img decoding=\"async\" class=\"size-medium alignright\" src=\"http:\/\/augolf.pt\/wp-content\/themes\/hestia\/assets\/img\/about-content.png\"><\/div>\n","protected":false},"excerpt":{"rendered":"<p>Sobre o Hestia Precisa de mais pormenores? Por favor, verifique toda a documenta\u00e7\u00e3o para uma informa\u00e7\u00e3o detalhada de como usar o Hestia.<\/p>\n","protected":false},"author":1,"featured_media":0,"parent":0,"menu_order":0,"comment_status":"closed","ping_status":"closed","template":"","meta":{"footnotes":""},"class_list":["post-9","page","type-page","status-publish","hentry"],"_links":{"self":[{"href":"https:\/\/augolf.pt\/index.php\/wp-json\/wp\/v2\/pages\/9","targetHints":{"allow":["GET"]}}],"collection":[{"href":"https:\/\/augolf.pt\/index.php\/wp-json\/wp\/v2\/pages"}],"about":[{"href":"https:\/\/augolf.pt\/index.php\/wp-json\/wp\/v2\/types\/page"}],"author":[{"embeddable":true,"href":"https:\/\/augolf.pt\/index.php\/wp-json\/wp\/v2\/users\/1"}],"replies":[{"embeddable":true,"href":"https:\/\/augolf.pt\/index.php\/wp-json\/wp\/v2\/comments?post=9"}],"version-history":[{"count":2,"href":"https:\/\/augolf.pt\/index.php\/wp-json\/wp\/v2\/pages\/9\/revisions"}],"predecessor-version":[{"id":29,"href":"https:\/\/augolf.pt\/index.php\/wp-json\/wp\/v2\/pages\/9\/revisions\/29"}],"wp:attachment":[{"href":"https:\/\/augolf.pt\/index.php\/wp-json\/wp\/v2\/media?parent=9"}],"curies":[{"name":"wp","href":"https:\/\/api.w.org\/{rel}","templated":true}]}}